 - 2298*p + 143. What is the units digit of h(-85)?
3
Let y(h) = -177*h + 2647. What is the hundreds digit of y(-41)?
9
Let y(g) be the first derivative of 6*g**3 - 5*g**2/2 - 16*g + 236. What is the units digit of y(-7)?
1
Let j = 109 + -110. What is the tens digit of (5 - (-32)/4) + j?
1
Let n(z) = -z + 12*z + 13*z - 95 + 3. What is the units digit of n(24)?
4
Let l be 35680/(-96)*3/(-4)*4. What is the units digit of -11 + 1 + 6 + 1 + l?
2
Suppose -2*z - 59 = 69. Let t(a) = a**3 + 26*a**2 + 26*a - 26. Let i be t(-25). Let v = i - z. What is the tens digit of v?
1
Let v(g) = 77 + 2*g + g**3 + 4*g**2 - 144 + 81. Let j be v(-5). What is the units digit of 1*-2 - 1 - 1008/j?
5
What is the hundreds digit of (-3)/1 + ((-281252)/(-14) - 20/(-35))?
0
What is the thousands digit of (-12373 - -9)/11*219/(-6)?
1
Suppose -23113 = -5*a + 4*t, 35378 - 12263 = 5*a - 5*t. What is the thousands digit of a?
4
Suppose -11*m = -0*m + 154. What is the hundreds digit of 1896/14*(-49)/m?
4
Let l(h) = -h**3 + 57*h**2 + 10*h - 79. What is the ten thousands digit of l(43)?
2
Let p(x) = -4*x - 11. Let d be p(-3). What is the units digit of (12/(-42))/(1/(-763)*d)?
8
Let m(u) = u**2 + 8*u - 107. Let i be m(-32). Let w = i - 205. What is the hundreds digit of w?
4
Suppose 2*t + 4*g - 42168 = 0, -5*g - 74 + 44 = 0. What is the hundreds digit of t?
0
Let o = 2299 - -201. What is the hundreds digit of o?
5
Let v be (10 - 2) + 1 + -2. Let b(m) = -9*m + 91. Let r(j) = -5*j + 30. Let q(u) = 3*b(u) - 7*r(u). What is the hundreds digit of q(v)?
1
Suppose 15500*n - 26212 = 15496*n. What is the hundreds digit of n?
5
Let l(y) = 497*y**2 + 21*y - 45. What is the hundreds digit of l(4)?
9
Suppose -23*s + 39*s - 29856 = 0. What is the tens digit of s*(63/14 + -4)?
3
Suppose 744269 = 79*n - 801206 - 906606. What is the hundreds digit of n?
0
Let t = -263 - -443. What is the hundreds digit of 74524/54 - t/2430?
3
Let n(g) = 9*g**2 - 60*g - 8. Let s(c) = 12*c**2 - 71*c - 7. Let x(i) = -5*n(i) + 4*s(i). Suppose 0 = 4*f - 9 + 33. What is the units digit of x(f)?
4
Suppose -2*p - c - 10 = -24, -c = 3*p - 19. Let b = -2 - -2. What is the tens digit of 0 + (b - 20)*p/(-2)?
5
Suppose 31*z = 36*z - 6350. Suppose -3*d = 3*l - l - 529, 5*l = 3*d + z. Let m = -141 + l. What is the units digit of m?
6
Let b = -165 - -169. Suppose -945 = -b*m + 2*j + j, -237 = -m + j. What is the units digit of m?
4
Suppose 0 = 5*c + 19 + 11. Let w = c - -10. Suppose 0*p - 5*p + 87 = 4*l, -w*l + 68 = 4*p. What is the units digit of p?
9
Let m = -262 + 268. What is the tens digit of (0 + m/(-4))/((-27)/4608)?
5
Suppose -2*p - 5*v = -33 + 3, 4*p = -3*v + 32. Suppose 4*y = p*g - 2882, -4*y - 1219 = 5*g + 1683. What is the hundreds digit of y/(-5) - (-12)/(-20)?
1
Let q(p) = 140*p**2 + 3*p + 1. Let m be q(2). Let z = 73 + m. What is the units digit of z?
0
Let o(u) = 2*u - 8. Let c be o(6). Let z(d) = 190*d - 172. Let a be z(2). Suppose 0*i = -c*i + a. What is the units digit of i?
2
Suppose -185 - 268 = -3*t. Suppose 300 = w - t. What is the units digit of w?
1
Let v be 2 - 12*(215/4 + -5). Let a = v - -1192. What is the hundreds digit of a?
6
Let z(p) = 6*p**2 - 7*p + 3. Let w be z(-11). Let v = 1726 - w. What is the hundreds digit of v?
9
Let a(g) = 19*g - 23. Let d(o) = 3. Let l(u) = 3*a(u) + 6*d(u). What is the units digit of l(6)?
1
Suppose -2*u = -q + 18201, 2*u = -6*q + 132408 - 23188. What is the hundreds digit of q?
2
Let r = -11498 - -19710. What is the units digit of r?
2
Suppose 3*a + 0*a - 144 = -l, -5*a = -4*l - 257. Let v be -1 - a - (-7 - -5). What is the units digit of (-1368)/v*2/3?
9
Suppose -22 = -9*p + 14. Let y = 7 + -4. Suppose 4*c + p*b - 188 = 0, y*b = 3*c - 5*c + 92. What is the units digit of c?
9
Let h(s) = 1 - 2 - 3 + 72*s - 73*s. Let u be h(-10). Suppose -u*r + 158 = -196. What is the tens digit of r?
5
Let l(k) = -2*k**2 - 3*k**2 - 708 - 3*k + 4*k**3 + 2*k**2 + 705. Let b be l(4). Suppose -4*y = 5*t - 146 - b, -3*y = -4*t + 296. What is the tens digit of t?
7
Let r = 17586 - 6591. What is the thousands digit of r?
0
What is the tens digit of 15230 + 6 - 14/(-4)*(-20)/(-10)?
4
Let y(w) = 2*w**3 + w**2 - 5*w + 2. Let u be y(0). Let f = 6 + -2. Suppose -u*d - d - 2*h = -57, -2*d + f*h = -54. What is the tens digit of d?
2
Let j = 49 - 43. Let y(c) = -3*c - 8. Let p be y(-4). Suppose 0 = k - p*m - 84, j*m - 1 = 5*m. What is the tens digit of k?
8
Let k be (3/9)/(8/120). Suppose -222 = k*a + 608. Let r = 266 + a. What is the hundreds digit of r?
1
Let t = 4000 + -96. What is the tens digit of t?
0
Suppose 3*z - 19 = -10. Suppose -3*d = 2*r - 261, 5*d + z*r - 109 = 327. What is the tens digit of d?
8
Let v(c) = 465*c**2 - 125*c - 28. What is the tens digit of v(-10)?
2
Let i be 15438/6 - (-5 - -9)/(-4). Let j = -1803 + i. What is the units digit of j?
1
Let l be (-290)/(-15) + (-1)/3. Suppose 23*q = l*q. Suppose q = 3*b + 2 - 23. What is the units digit of b?
7
Let q(h) be the second derivative of 6*h**3 + 18*h**2 + 314*h. What is the units digit of q(1)?
2
Let m be ((-1)/((-1)/(-6)))/(-3). Suppose 5*n - g = -m, 4*g + 9 = g. What is the tens digit of n/(((12/207)/4)/(-1))?
6
Let k be (0/(-1) - 1)*-1. Let g(x) = 40*x**2 - 9*x - 6. Let a(c) = c**2 - c - 1. Let t(i) = k*g(i) - 6*a(i). What is the hundreds digit of t(2)?
1
Let f(z) = 17*z**2 + z + 2. Let d be (-5 - -3 - 1)/((-12)/(-8)). Let a be f(d). What is the units digit of (a - 3) + 0 - (-3 - -1)?
7
Let q(u) = 2*u**2 - 8*u - 9. Let z be (-1)/4 + (-3)/((-60)/(-115)). Let x = 1 - z. What is the tens digit of q(x)?
3
Suppose -159 = 5*j - 514. Let i = j + 29. What is the tens digit of (-1076)/(-6) - i/75?
7
Suppose -1015 - 177 = 2*h + 2*l, -2*l = -6. Let i = h + 654. What is the units digit of i?
5
Let p(d) = -467*d**3 + 6*d**2 - 33*d + 31. Let v(y) = -234*y**3 + 3*y**2 - 17*y + 15. Let c(r) = -4*p(r) + 7*v(r). What is the thousands digit of c(2)?
1
Suppose 0 = 11*m - 13*m - 3*f + 1, m = -5*f - 3. Suppose 3*h - 7*h + 4676 = m*g, 0 = -h - 5*g + 1160. What is the thousands digit of h?
1
Suppose -129*o + 116*o = -12454. What is the units digit of o?
8
Suppose 0 = -0*u - u, -3*a = -3*u. Suppose 2*f = 4*j - 16, a*j - j + 9 = 2*f. Suppose -4*c = -o + 60, 2*o - f*c - 64 = o. What is the units digit of o?
8
Let l = 2724 + -87. What is the thousands digit of l?
2
Let j = 33427 + -14250. What is the tens digit of j?
7
Suppose -4*c + 124368 = -n, -37412 - 55864 = -3*c + 7*n. What is the ten thousands digit of c?
3
Let d(l) = -1477*l - 2778. What is the ten thousands digit of d(-19)?
2
Let g be (-4 - 7)/(-1 + 0). Let q = 15 - g. Let w(d) = d**3 + d**2 + 7*d. What is the units digit of w(q)?
8
Let d = 59 + -17. Suppose 2*h - 108 = s, 2*h + s = 66 + d. What is the units digit of h?
4
Suppose 0 = -308*u + 317*u - 311328. Suppose -37*l = 9*l - u. What is the hundreds digit of l?
7
Suppose 0*m + 4912 = 2*u + 2*m, -5*u + 12284 = 3*m. What is the units digit of u?
8
Let s(c) be the second derivative of c**5/60 + c**4/3 + 13*c**3/6 - 7*c**2 - 7*c. Let z(v) be the first derivative of s(v). What is the tens digit of z(-10)?
3
Let z = 2710 - 1929. Suppose 3*m + 5*f = 5, -4 = -2*m + 4*f + 14. Suppose z = m*g + 276. What is the units digit of g?
1
Let p(m) = -2*m - 18. Let l be p(-8). Let n be (l/4)/(45/12 - 4). Suppose -n*v + 106 + 84 = 0. What is the tens digit of v?
9
Suppose 2*d + 4*d = -96. Let b(z) = -2*z - 12. What is the units digit of b(d)?
0
What is the thousands digit of 8275 + (10 - -2) + (-5)/1?
8
Let j(u) = -u - 10. Let s be j(-16). Suppose -s = -6*m + 6. What is the units digit of m/(2/(-7) + 141/420)?
0
Let k be 15/(-2)*2*12/20. Let f be ((-258)/8)/(k/36). Let u = 165 - f. What is the units digit of u?
6
Suppose 3*j - 2*m + 3 = 24, -2*j - 4*m = 2. Suppose -j*t + 6 = 376. What is the units digit of t/(-3) + (-1)/(-3)?
5
Suppose -22*p + 252 = -31*p. Let b(w) = -w**2 - 75*w - 31. What is the thousands digit of b(p)?
1
Let z(s) = -s - 4*s**2 + 7*s - 1 - 2 - 4*s. Let h be z(3). Let c = -15 - h. What is the tens digit of c?
1
Let a = 15635 + -7560. What is the thousands digit of a?
8
Let s(j) = j**3 + 3*j**2 - 15*j - 19. Let t be s(-6). Let f(a) = -2*a**2 - 81*a + 86. What is the hundreds digit of f(t)?
3
Let t be 12/22 - (-2760)/(-220). What is the tens 